ase 6.
-45513
Convert -4785 (base 9) to base 15.
-10c5
1010001011 (base 2) to base 4
22023
What is -1051 (base 13) in base 6?
-14251
-1101000001011 (base 2) to base 15
-1e97
Convert -4514 (base 9) to base 16.
-d06
Convert -677 (base 8) to base 11.
-377
498 (base 11) to base 12
413
78206 (base 9) to base 6
1040223
What is -5076 (base 11) in base 16?
-1a52
-771 (base 11) to base 7
-2461
Convert -7181 (base 9) to base 12.
-3061
Convert -348 (base 10) to base 2.
-101011100
Convert -201 (base 11) to base 8.
-363
What is 237626 (base 8) in base 10?
81814
What is -2c33 (base 14) in base 12?
-4691
1031021 (base 4) to base 10
4937
Convert -222222 (base 3) to base 16.
-2d8
-10101110100 (base 2) to base 14
-71a
-37608 (base 9) to base 12
-12768
-33304 (base 9) to base 15
-6847
What is -100100011 (base 2) in base 15?
-146
-21001 (base 8) to base 10
-8705
Convert 131301 (base 5) to base 14.
1c77
-a70 (base 11) to base 5
-20122
Convert 15 (base 16) to base 14.
17
114353 (base 8) to base 6
501123
What is 198 (base 11) in base 2?
11100100
-2270 (base 9) to base 5
-23213
What is -b30 (base 12) in base 13?
-978
Convert 33bc (base 14) to base 12.
524a
138752 (base 9) to base 6
1454202
-11101011 (base 2) to base 13
-151
25cb (base 14) to base 7
25244
What is 332 (base 13) in base 12?
398
Convert 12130 (base 4) to base 5.
3122
What is 6485 (base 13) in base 6?
144355
Convert -183 (base 15) to base 13.
-20a
What is 5169 (base 16) in base 4?
11011221
What is 1200111 (base 3) in base 4?
103030
What is -13990 (base 12) in base 5?
-1333244
What is 1374 (base 9) in base 10?
1039
What is 9909 (base 13) in base 10?
21303
What is -65001 (base 8) in base 12?
-13855
Convert 14c (base 14) to base 13.
174
Convert 4607 (base 12) to base 6.
100011
What is 10110100 (base 2) in base 11?
154
Convert -63a (base 13) to base 15.
-4ad
What is -133133 (base 4) in base 9?
-2678
-42400 (base 6) to base 12
-3400
What is 2837 (base 11) in base 14?
14a2
22 (base 6) to base 16
e
What is -2352 (base 11) in base 16?
-c0a
88b (base 14) to base 8
3233
What is 1bb (base 13) in base 11?
274
Convert 3041322 (base 5) to base 14.
140dd
Convert -5420 (base 9) to base 6.
-30243
2c93 (base 13) to base 11
4a08
-100100 (base 4) to base 3
-1102112
-12b4e (base 15) to base 7
-336464
-122202202 (base 3) to base 5
-403303
Convert 342 (base 14) to base 4.
22012
1572 (base 10) to base 7
4404
-313442 (base 5) to base 14
-3b7b
-556 (base 8) to base 15
-196
Convert -143 (base 7) to base 13.
-62
Convert -aac (base 13) to base 14.
-94c
What is -1011101101010 (base 2) in base 15?
-1b99
What is 4201 (base 6) in base 7?
2506
Convert 10011022121 (base 3) to base 14.
18949
-46 (base 13) to base 12
-4a
What is 4cb (base 13) in base 9?
1136
Convert -3846 (base 11) to base 4.
-1032103
Convert 2224 (base 5) to base 9.
378
3a7 (base 15) to base 6
3504
-21102102 (base 3) to base 7
-21530
10214 (base 7) to base 8
4716
What is -2503 (base 8) in base 13?
-7c8
Convert 3844 (base 9) to base 11.
2184
Convert -11567 (base 8) to base 2.
-1001101110111
-22121 (base 3) to base 11
-1a1
111102222 (base 3) to base 5
303200
80427 (base 9) to base 7
310021
-225a (base 11) to base 8
-5631
Convert -1171 (base 9) to base 5.
-11444
Convert 647 (base 11) to base 13.
47a
2655 (base 7) to base 4
33330
Convert 5b4 (base 12) to base 8.
1530
What is 13389 (base 10) in base 16?
344d
636 (base 7) to base 13
1b9
Convert 638 (base 11) to base 3.
1001102
Convert -1236 (base 7) to base 12.
-330
What is -212111 (base 3) in base 4?
-21322
Convert -c6 (base 16) to base 6.
-530
What is -12101111 (base 3) in base 15?
-126d
What is -21222 (base 4) in base 12?
-436
What is -24300 (base 5) in base 16?
-721
Convert -54241 (base 9) to base 6.
-434144
Convert 1011202 (base 3) to base 12.
5b5
-240244 (base 5) to base 13
-402a
Convert 362 (base 10) to base 3.
111102
Convert -11223 (base 5) to base 2.
-1100101101
2089 (base 12) to base 2
110111101001
What is 1100000011101000 (base 2) in base 12?
246b4
26115 (base 7) to base 3
100111100
What is -302313 (base 5) in base 13?
-455a
Convert -300332 (base 4) to base 14.
-11dc
5d00 (base 16) to base 5
1230213
What is 15020 (base 6) in base 16?
954
-16705 (base 11) to base 5
-1222404
10454 (base 9) to base 3
100111211
What is -267 (base 13) in base 12?
-2b3
550 (base 15) to base 14
61a
What is b482 (base 12) in base 11?
13873
Convert -341233 (base 5) to base 6.
-131512
What is -15c6 (base 13) in base 2?
-110010000100
-34319 (base 10) to base 8
-103017
What is 26430 (base 12) in base 3?
2122221200
-102540 (base 7) to base 12
-a346
-11111 (base 2) to base 15
-21
What is -15434 (base 6) in base 7?
-10261
What is 85e5 (base 16) in base 6?
422405
Convert 286 (base 10) to base 2.
100011110
What is 2211 (base 5) in base 3?
102100
173 (base 11) to base 5
1301
Convert 1002333 (base 4) to base 12.
2593
-1207 (base 12) to base 10
-2023
What is -2360 (base 7) in base 15?
-3d5
Convert d4 (base 15) to base 13.
124
What is 43400 (base 5) in base 12?
187b
101000111101100 (base 2) to base 12
10178
What is 336 (base 9) in base 16?
114
Convert -641 (base 9) to base 3.
-201101
Convert -7830 (base 10) to base 9.
-11660
What is 177b2 (base 12) in base 3?
1201121022
28b (base 13) to base 15
203
Convert -122 (base 3) to base 5.
-32
54616 (base 7) to base 10
13684
Convert 311222 (base 4) to base 14.
1374
What is 26c5 (base 15) in base 2?
10000001011101
8b2 (base 16) to base 3
10001110
What is 26a (base 13) in base 2?
110101010
What is 40a (base 13) in base 14?
370
-6979 (base 16) to base 13
-c3a0
Convert 1a49 (base 12) to base 14.
1265
What is -3302 (base 9) in base 5?
-34212
What is -215520 (base 6) in base 16?
-46c8
What is -123054 (base 7) in base 5?
-1211202
198a (base 16) to base 12
394a
-25145 (base 9) to base 2
-100000111111001
Convert -18518 (base 11) to base 10.
-25913
304342 (base 5) to base 6
114100
Convert -1111011110 (base 2) to base 8.
-1736
-430 (base 12) to base 10
-612
What is 1922 (base 10) in base 7?
5414
1479 (base 11) to base 16
76d
What is 277 (base 13) in base 2?
110110100
-513546 (base 7) to base 10
-87744
Convert -448 (base 13) to base 15.
-341
1c2 (base 14) to base 8
556
-20013 (base 6) to base 14
-d3b
What is -1015034 (base 6) in base 12?
-2447a
Convert -222 (base 16) to base 13.
-330
What is -111011110111011 (base 2) in base 5?
-1440101
1001110010 (base 2) to base 5
10001
What is -100010001001 (base 2) in base 9?
-2887
213214 (base 5) to base 4
1302031
What is -14765 (base 8) in base 9?
-10103
Convert -2142 (base 6) to base 16.
-1ee
-476 (base 10) to base 15
-21b
What is 234cc (base 14) in base 16?
1500c
Convert -164 (base 15) to base 7.
-634
What is 5412 (base 6) in base 7?
3410
Convert -20212221 (base 3) to base 5.
-130040
-10102 (base 5) to base 13
-3b2
What is 550 (base 15) in base 13?
714
What is a86c (base 14) in base 11?
1a959
What is 5715 (base 13) in base 16?
2f9a
-9586 (base 12) to base 7
-65511
13031 (base 4) to base 15
20b
Convert -88095 (base 10) to base 12.
-42b93
Convert -2212 (base 3) to base 15.
-52
What is 169 (base 11) in base 15?
d1
What is -100112 (base 4) in base 12?
-732
-10010100101100 (base 2) to base 12
-5610
-2549 (base 11) to base 13
-1685
What is 3223 (base 8) in base 12?
b83
Convert -415 (base 7) to base 12.
-154
-363 (base 12) to base 3
-200210
-181 (base 12) to base 6
-1041
-456 (base 14) to base 3
-1011212
42262 (base 7) to base 8
24300
Convert 2013333 (base 4) to base 2.
10000111111111
What is 2246 (base 11) in base 9?
4042
Convert 5652 (base 12) to base 11.
7207
What is 1212220011 (base 3) in base 14?
d742
Convert 514333 (base 6) to base 14.
11009
What is 111332 (base 5) in base 2?
111101111111
What is -a17 (base 13) in base 4?
-122232
What is -1100101 (base 2) in base 9?
-122
Convert -2221230 (base 5) to base 2.
-1001100000011100
Convert -25e (base 16) to base 7.
-1524
What is -1351 (base 6) in base 15?
-18a
764 (base 15) to base 11
1288
Convert 1121211111 (base 3) to base 4.
13303102
What is 1301010 (base 4) in base 3?
100221000
Convert 219a (base 12) to base 9.
5081
-219 (base 14) to base 15
-1ca
What is -12045 (base 6) in base 14?
-8d7
What is 387 (base 10) in base 15?
1ac
9c06 (base 15) to base 3
1200101020
Convert 80d9 (base 16) to base 15.
9b90
2330 (base 4) to base 13
116
What is